ven?
True
Is 11 a factor of 228?
False
Is 454 a multiple of 5?
False
Does 21 divide 43764?
True
Does 13 divide 2173?
False
Does 17 divide 482?
False
Is 45 a factor of 1134?
False
Does 30 divide 13138?
False
Is 5 a factor of 5281?
False
Is 1278 a multiple of 37?
False
Is 6 a factor of 354?
True
Does 18 divide 1781?
False
Is 5 a factor of 9415?
True
Is 18 a factor of 2268?
True
Is 6196 a multiple of 18?
False
Does 2 divide 38?
True
Does 6 divide 276?
True
Is 749 a multiple of 19?
False
Does 14 divide 616?
True
Is 4430 a multiple of 12?
False
Is 23 a factor of 4374?
False
Does 40 divide 10879?
False
Does 53 divide 999?
False
Is 14 a factor of 350?
True
Does 58 divide 12438?
False
Is 11 a factor of 506?
True
Is 14 a factor of 4376?
False
Is 16 a factor of 5367?
False
Does 13 divide 1615?
False
Does 12 divide 396?
True
Is 29 a factor of 3074?
True
Does 2 divide 554?
True
Is 56 a factor of 54651?
False
Is 16666 a multiple of 13?
True
Is 5 a factor of 630?
True
Does 7 divide 623?
True
Is 4 a factor of 20?
True
Does 37 divide 9546?
True
Does 3 divide 153?
True
Is 57 a factor of 2338?
False
Is 7 a factor of 61025?
False
Is 66 a factor of 4686?
True
Does 58 divide 2416?
False
Is 1838 a multiple of 3?
False
Does 12 divide 3687?
False
Is 162 a multiple of 18?
True
Does 13 divide 780?
True
Does 9 divide 19665?
True
Is 14 a factor of 177?
False
Does 37 divide 629?
True
Is 513 a multiple of 19?
True
Is 75 a factor of 40677?
False
Is 34196 a multiple of 103?
True
Is 26460 a multiple of 14?
True
Is 11728 a multiple of 8?
True
Does 91 divide 15622?
False
Is 168 a factor of 5417?
False
Is 11031 a multiple of 333?
False
Is 10 a factor of 144?
False
Is 18 a factor of 30735?
False
Is 1479 a multiple of 5?
False
Is 30 a factor of 34787?
False
Is 38 a factor of 2757?
False
Is 9 a factor of 7545?
False
Is 34 a factor of 5576?
True
Is 21 a factor of 8042?
False
Does 102 divide 2003?
False
Is 23 a factor of 1311?
True
Does 7 divide 569?
False
Does 14 divide 5916?
False
Is 50 a factor of 1420?
False
Is 47 a factor of 98198?
False
Is 487 a multiple of 42?
False
Does 29 divide 35554?
True
Is 1653 a multiple of 28?
False
Is 30 a factor of 510?
True
Does 294 divide 114366?
True
Is 82 a factor of 14350?
True
Is 69 a factor of 1101?
False
Does 7 divide 389?
False
Is 65 a factor of 580?
False
Is 1059 a multiple of 117?
False
Does 11 divide 1441?
True
Does 6 divide 9510?
True
Does 14 divide 69860?
True
Does 5 divide 29?
False
Is 3900 a multiple of 6?
True
Does 12 divide 4452?
True
Is 17357 a multiple of 65?
False
Does 20 divide 300?
True
Is 25 a factor of 8600?
True
Is 351 a factor of 51597?
True
Does 88 divide 528?
True
Is 25885 a multiple of 17?
False
Is 2 a factor of 859?
False
Is 2 a factor of 245?
False
Does 7 divide 5201?
True
Does 101 divide 2462?
False
Is 2926 a multiple of 14?
True
Does 74 divide 23307?
False
Is 1215 a multiple of 27?
True
Is 1715 a multiple of 50?
False
Is 19 a factor of 6378?
False
Is 3 a factor of 5990?
False
Is 1691 a multiple of 141?
False
Is 14 a factor of 59229?
False
Is 93 even?
False
Is 5047 a multiple of 20?
False
Is 184 a multiple of 23?
True
Is 9 a factor of 3546?
True
Does 24 divide 43792?
False
Is 273 a multiple of 7?
True
Is 166 a factor of 6308?
True
Does 39 divide 25380?
False
Is 2730 a multiple of 26?
True
Is 792 a multiple of 22?
True
Is 35521 a multiple of 29?
False
Is 8970 a multiple of 13?
True
Does 3 divide 2095?
False
Is 30 a factor of 58450?
False
Is 20 a factor of 31434?
False
Is 8232 a multiple of 9?
False
Is 79 a factor of 11376?
True
Does 49 divide 16692?
False
Does 5 divide 2746?
False
Does 5 divide 525?
True
Is 297 a factor of 3267?
True
Is 407 a factor of 36223?
True
Is 9 a factor of 163?
False
Is 40353 a multiple of 46?
False
Is 998 a multiple of 10?
False
Does 18 divide 1275?
False
Is 603 a multiple of 34?
False
Is 16720 a multiple of 19?
True
Is 2044 a multiple of 7?
True
Does 17 divide 433?
False
Is 28291 a multiple of 54?
False
Does 26 divide 66742?
True
Does 24 divide 27586?
False
Does 102 divide 1968?
False
Is 7007 a multiple of 31?
False
Does 42 divide 356?
False
Does 21 divide 53?
False
Is 562 a multiple of 21?
False
Is 16940 a multiple of 35?
True
Is 42828 a multiple of 43?
True
Is 5 a factor of 3696?
False
Is 12 a factor of 748?
False
Is 775 a multiple of 5?
True
Is 78 a factor of 4680?
True
Is 14 a factor of 5924?
False
Does 12 divide 4577?
False
Is 9081 a multiple of 55?
False
Is 7296 a multiple of 4?
True
Is 9 a factor of 1467?
True
Is 140 a multiple of 7?
True
Is 82 a factor of 246?
True
Is 20 a multiple of 20?
True
Is 3 a factor of 26079?
True
Does 200 divide 1200?
True
Is 967 a multiple of 33?
False
Does 102 divide 24582?
True
Is 1250 a multiple of 55?
False
Does 17 divide 59194?
True
Is 72 a factor of 26352?
True
Is 13 a factor of 286?
True
Is 7 a factor of 43093?
False
Is 131 a factor of 5764?
True
Is 25 a factor of 11400?
True
Is 39 a factor of 6194?
False
Is 20 a factor of 780?
True
Is 22 a factor of 22682?
True
Is 38 a factor of 2065?
False
Does 17 divide 11238?
False
Does 24 divide 9048?
True
Is 1425 a multiple of 19?
True
Does 18 divide 522?
True
Is 981 a multiple of 38?
False
Does 18 divide 378?
True
Is 1720 a multiple of 10?
True
Does 4 divide 12772?
True
Is 3230 a multiple of 34?
True
Is 17 a factor of 853?
False
Does 18 divide 11448?
True
Is 52 a factor of 832?
True
Is 294 a multiple of 42?
True
Is 8151 a multiple of 53?
False
Does 39 divide 2254?
False
Does 93 divide 69652?
False
Is 63 a factor of 17073?
True
Is 29 a factor of 493?
True
Is 59 a factor of 10119?
False
Does 17 divide 1042?
False
Is 26069 a multiple of 16?
False
Is 705 a multiple of 5?
True
Is 179 a factor of 48151?
True
Is 125 a factor of 96045?
False
Does 48 divide 10392?
False
Does 182 divide 13932?
False
Is 7 a factor of 31493?
True
Does 39 divide 9087?
True
Is 127 a factor of 27686?
True
Is 3785 a multiple of 3?
False
Is 3510 a multiple of 7?
False
Is 1664 a multiple of 52?
True
Is 62 a factor of 3838?
False
Does 23 divide 276?
True
Is 1124 a multiple of 28?
False
Is 4 a factor of 898?
False
Is 11 a factor of 61496?
False
Is 24 a factor of 2208?
True
Does 33 divide 858?
True
Is 54 a factor of 21562?
False
Is 21 a factor of 114?
False
Is 2632 a multiple of 56?
True
Does 6 divide 942?
True
Is 959 a multiple of 151?
False
Does 43 divide 21338?
False
Is 78 a factor of 12402?
True
Does 5 divide 123?
False
Does 15 divide 72?
False
Is 1156 a multiple of 5?
False
Is 7 a factor of 12784?
False
Is 15 a factor of 54225?
True
Is 35 a factor of 1619?
False
Does 30 divide 4140?
True
Does 20 divide 58000?
True
Is 9 a factor of 5733?
True
Is 1881 a multiple of 36?
False
Is 51435 a multiple of 327?
False
Is 23 a factor of 20447?
True
Is 14 a factor of 1485?
False
Is 10 a factor of 2003?
False
Does 75 divide 16387?
False
Is 5 a factor of 70?
True
Is 49 a factor of 44532?
False
Is 589 a multiple of 19?
True
Does 151 divide 40317?
True
Is 64 a factor of 4096?
True
Is 46241 a multiple of 38?
False
Is 12 a factor of 642?
False
Is 21 a factor of 8820?
True
Does 16 divide 992?
True
Does 8 divide 27263?
False
Is 13145 a multiple of 55?
True
Is 8 a factor of 240?
True
Does 50 divide 21050?
True
Does 5 divide 2500?
True
Is 61699 a multiple of 79?
True
Is 11 a factor of 1077?
False
Is 38167 a multiple of 126?
False
Does 80 divide 96480?
True
Is 285 a multiple of 15?
True
Is 5761 a multiple of 20?
False
Is 41 a factor of 3863?
False
Is 15 a factor of 1845?
True
Does 9 divide 933?
False
Is 67 a multiple of 4?
False
Does 39 divide 7736?
False
Is 15 a factor of 477?
False
Is 9 a factor of 305?
False
Is 43984 a multiple of 211?
False
Is 11 a factor of 37895?
True
Is 8 a factor of 253?
False
Does 3 divide 368?
False
Is 352 a multiple of 26?
False
Is 42 a factor of 65706?
False
Is 14 a factor of 1470?
True
Does 221 divide 8840?
True
Does 29 divide 254?
False
Does 16 divide 61568?
True
Is 59 a factor of 531?
True
Is 35 a factor of 57540?
True
Is 20455 a multiple of 65?
False
Does 21 divide 4984?
False
Does 195 divide 56605?
False
Is 1098 a multiple of 26?
False
Is 9560 a multiple of 5?
True
Is 9 a factor of 9100?
False
Is 122 a factor of 15616?
True
Is 6 a factor of 315?
False
Does 13 divide 78?
True
Is 141 a factor of 4794?
True
Is 15956 a multiple of 12